{"id":152,"date":"2020-11-20T01:07:51","date_gmt":"2020-11-20T01:07:51","guid":{"rendered":"http:\/\/terrasof.com\/coopservintes\/?page_id=152"},"modified":"2025-06-26T20:39:51","modified_gmt":"2025-06-27T01:39:51","slug":"quienes-somos","status":"publish","type":"page","link":"https:\/\/coopservintes.com\/index.php\/quienes-somos\/","title":{"rendered":"Informaci\u00f3n Financiera"},"content":{"rendered":"\n<p>En esta secci\u00f3n encontrar\u00e1s los documentos clave que reflejan la transparencia, el compromiso y la buena gesti\u00f3n administrativa de Coopservintes durante el a\u00f1o 2024. Ponemos a disposici\u00f3n de nuestros asociados, clientes y entes de control la siguiente informaci\u00f3n:<\/p>\n\n\n\n<ul class=\"wp-block-list\">\n<li><strong>Informe de Gesti\u00f3n 2024<\/strong>.<\/li>\n\n\n\n<li><strong>Estados Financieros 2024<\/strong>.<\/li>\n\n\n\n<li><strong>Dictamen del Revisor Fiscal 2024<\/strong>.<\/li>\n<\/ul>\n\n\n\n<div data-wp-interactive=\"core\/file\" class=\"wp-block-file\"><object data-wp-bind--hidden=\"!state.hasPdfPreview\" hidden class=\"wp-block-file__embed\" data=\"https:\/\/coopservintes.com\/wp-content\/uploads\/2025\/06\/INFORME-DE-GESTION-2024-COOPSERVINTES-1.pdf\" type=\"application\/pdf\" style=\"width:100%;height:600px\" aria-label=\"Incrustado de INFORME DE GESTION 2024 COOPSERVINTES.\"><\/object><a id=\"wp-block-file--media-cb31faa5-2f73-452e-9189-8bab63d3fbf6\" href=\"https:\/\/coopservintes.com\/wp-content\/uploads\/2025\/06\/INFORME-DE-GESTION-2024-COOPSERVINTES-1.pdf\">INFORME DE GESTION 2024 COOPSERVINTES<\/a><a href=\"https:\/\/coopservintes.com\/wp-content\/uploads\/2025\/06\/INFORME-DE-GESTION-2024-COOPSERVINTES-1.pdf\" class=\"wp-block-file__button wp-element-button\" download aria-describedby=\"wp-block-file--media-cb31faa5-2f73-452e-9189-8bab63d3fbf6\">Descarga<\/a><\/div>\n\n\n\n<div data-wp-interactive=\"core\/file\" class=\"wp-block-file\"><object data-wp-bind--hidden=\"!state.hasPdfPreview\" hidden class=\"wp-block-file__embed\" data=\"https:\/\/coopservintes.com\/wp-content\/uploads\/2025\/06\/ESTADOS-FINANCIEROS-2024-1.pdf\" type=\"application\/pdf\" style=\"width:100%;height:600px\" aria-label=\"Incrustado de ESTADOS FINANCIEROS 2024.\"><\/object><a id=\"wp-block-file--media-5010b39b-4aea-4bdd-a5bf-886678fe4c95\" href=\"https:\/\/coopservintes.com\/wp-content\/uploads\/2025\/06\/ESTADOS-FINANCIEROS-2024-1.pdf\">ESTADOS FINANCIEROS 2024<\/a><a href=\"https:\/\/coopservintes.com\/wp-content\/uploads\/2025\/06\/ESTADOS-FINANCIEROS-2024-1.pdf\" class=\"wp-block-file__button wp-element-button\" download aria-describedby=\"wp-block-file--media-5010b39b-4aea-4bdd-a5bf-886678fe4c95\">Descarga<\/a><\/div>\n\n\n\n<div data-wp-interactive=\"core\/file\" class=\"wp-block-file\"><object data-wp-bind--hidden=\"!state.hasPdfPreview\" hidden class=\"wp-block-file__embed\" data=\"https:\/\/coopservintes.com\/wp-content\/uploads\/2025\/06\/DICTAMEN-REVISORIA-FISCAL-ESTADOS-FINANCIEROS-2024-1.pdf\" type=\"application\/pdf\" style=\"width:100%;height:600px\" aria-label=\"Incrustado de DICTAMEN REVISORIA FISCAL ESTADOS  FINANCIEROS 2024.\"><\/object><a id=\"wp-block-file--media-775a7d2d-4d5d-49a0-a12e-5da855272a01\" href=\"https:\/\/coopservintes.com\/wp-content\/uploads\/2025\/06\/DICTAMEN-REVISORIA-FISCAL-ESTADOS-FINANCIEROS-2024-1.pdf\">DICTAMEN REVISORIA FISCAL ESTADOS  FINANCIEROS 2024<\/a><a href=\"https:\/\/coopservintes.com\/wp-content\/uploads\/2025\/06\/DICTAMEN-REVISORIA-FISCAL-ESTADOS-FINANCIEROS-2024-1.pdf\" class=\"wp-block-file__button wp-element-button\" download aria-describedby=\"wp-block-file--media-775a7d2d-4d5d-49a0-a12e-5da855272a01\">Descarga<\/a><\/div>\n","protected":false},"excerpt":{"rendered":"<p>En esta secci\u00f3n encontrar\u00e1s los documentos clave que reflejan la transparencia, el compromiso y la buena gesti\u00f3n administrativa de Coopservintes durante el a\u00f1o 2024. Ponemos a disposici\u00f3n de nuestros asociados, clientes y entes de control la siguiente informaci\u00f3n:<\/p>\n","protected":false},"author":1,"featured_media":0,"parent":0,"menu_order":0,"comment_status":"closed","ping_status":"closed","template":"","meta":{"_monsterinsights_skip_tracking":false,"_monsterinsights_sitenote_active":false,"_monsterinsights_sitenote_note":"","_monsterinsights_sitenote_category":0,"_joinchat":[],"footnotes":""},"class_list":["post-152","page","type-page","status-publish","hentry"],"_links":{"self":[{"href":"https:\/\/coopservintes.com\/index.php\/wp-json\/wp\/v2\/pages\/152","targetHints":{"allow":["GET"]}}],"collection":[{"href":"https:\/\/coopservintes.com\/index.php\/wp-json\/wp\/v2\/pages"}],"about":[{"href":"https:\/\/coopservintes.com\/index.php\/wp-json\/wp\/v2\/types\/page"}],"author":[{"embeddable":true,"href":"https:\/\/coopservintes.com\/index.php\/wp-json\/wp\/v2\/users\/1"}],"replies":[{"embeddable":true,"href":"https:\/\/coopservintes.com\/index.php\/wp-json\/wp\/v2\/comments?post=152"}],"version-history":[{"count":3,"href":"https:\/\/coopservintes.com\/index.php\/wp-json\/wp\/v2\/pages\/152\/revisions"}],"predecessor-version":[{"id":391,"href":"https:\/\/coopservintes.com\/index.php\/wp-json\/wp\/v2\/pages\/152\/revisions\/391"}],"wp:attachment":[{"href":"https:\/\/coopservintes.com\/index.php\/wp-json\/wp\/v2\/media?parent=152"}],"curies":[{"name":"wp","href":"https:\/\/api.w.org\/{rel}","templated":true}]}}